6*p(x). What is the tens digit of d(6)?
4
Let p = 18836 + 11612. What is the thousands digit of p?
0
Suppose 3*a - 4 = a, 5*v - a + 2 = 0. Let c be (-2 + 1)*(0 + v + 125). Let t = c - -366. What is the tens digit of t?
4
Let y = -18095 - -45409. What is the tens digit of y?
1
Let z = -36 + 39. Suppose 0 = -x - 4, -z*o + 971 = 7*x - 9*x. What is the hundreds digit of o?
3
What is the hundreds digit of (-37 + 5284)/(1/(-2)*-3)?
4
Suppose -11*t = 4762 - 142449. What is the hundreds digit of t?
5
Let o be (117/6)/((-9)/(-432)). Suppose 1665 + o = 9*f. What is the units digit of f?
9
Suppose -3*o - 2613 = -5*g, 0*g + 2*g = -5*o + 1039. Let j = g + -161. What is the units digit of j?
1
Let h(a) = 2*a**2 - 2. Let x(o) = -3*o**2 - 6*o + 17. Let b(l) = 3*h(l) + x(l). Suppose n + 0 = 5. What is the tens digit of b(n)?
5
Let v(l) = 353*l**2 - 482*l + 4293. What is the units digit of v(9)?
8
Suppose 7*g - 8*g = 3*i - 92, -5*i - g + 156 = 0. Let u(j) = j**3 - 31*j**2 - 23*j + 59. What is the tens digit of u(i)?
4
Suppose 2*h - 4*w - 5512 = 0, -2*h + 6893 - 1426 = 5*w. What is the tens digit of h?
4
Let r(z) = 75*z + 217. Let b(s) = -11999*s - 34719. Let x(n) = -4*b(n) - 639*r(n). What is the tens digit of x(5)?
6
Let l = -46 - -49. What is the hundreds digit of 3303/15 - l*(-4)/(-60)?
2
Let u(g) = -g**2 + 10*g - 15. Let t be ((-8)/(-12))/((-2)/(-24)). Let a be u(t). Suppose -2*o + 8 = -j + 2, -j + o - a = 0. What is the units digit of j?
4
Suppose -8*a = -173893 - 170043. What is the thousands digit of a?
2
Let f be (-10 + 14)*3/4 - 1. Let j be 2*(2 - 5/f). Let u(x) = 25*x**2 - 2*x - 1. What is the tens digit of u(j)?
2
Let h = 44074 - 25718. What is the ten thousands digit of h?
1
What is the hundreds digit of (5784/(-4))/(9/(-6))?
9
Let g = 43312 + -30759. What is the ten thousands digit of g?
1
Suppose 3*a - 3*d = -12, -1 = -4*a - 2*d - 5. Let z(g) = -2. Let j(m) = -8*m + 19. Let o(t) = 2*j(t) + 18*z(t). What is the tens digit of o(a)?
3
Suppose 4*h + 0*h + 4091 = 16783. What is the thousands digit of h?
3
Let f(j) = j**2 - 2*j - 2*j - 2 + 7*j**2 + 3*j**2. Let m be f(-1). Let h = 92 + m. What is the hundreds digit of h?
1
Let j be 2/(-6) - (-5780)/15. Suppose -3*v - 5*m + 528 = 0, 519 = 25*v - 22*v + 2*m. Let i = j - v. What is the tens digit of i?
1
Let b be ((-2)/(-5))/((12/(-45))/(-4)). Suppose -4*q + 3*x = b*x + 49, 5*x = 3*q + 44. Let m(c) = c**3 + 13*c**2 - 6*c + 26. What is the hundreds digit of m(q)?
1
Suppose -3 = -m, 5*d + 3*m = -90 + 304. Let r = 281 - d. Suppose -3*f = -f - r. What is the hundreds digit of f?
1
Let l(t) = -9*t + 12*t + 28*t - 7 + 76*t + 38*t**2 + 7*t**2. What is the hundreds digit of l(-5)?
5
Let h be (-5)/(-2)*(-8)/(-5). Let p be (4 - h)*(-4)/16 - -310. Let d = -155 + p. What is the hundreds digit of d?
1
Let s = -27 - -38. Let m = -65 - s. Let g = 153 + m. What is the tens digit of g?
7
Let x(v) = 24*v**2 + 15. Let g be x(8). Suppose -g = -9*p + 2850. What is the tens digit of p?
8
Suppose 4 = m + l - 5, m - 29 = -5*l. What is the tens digit of (-2)/8 + 469/m + -3?
1
Let x be (1 - 4)/1 + 6. Suppose -4 - 2 = -x*h. Suppose -500 = -6*k + h*k. What is the tens digit of k?
2
Let q(k) be the second derivative of k**5/20 - 5*k**4/4 - 17*k**3/6 + 25*k**2/2 + 6*k. Let f be q(16). Suppose -404 - 370 = -f*m. What is the units digit of m?
6
Let u = -159 - -165. Let y = -42 + -56. Let k = u - y. What is the tens digit of k?
0
Let l(t) be the first derivative of -25*t**2/2 + 52*t - 71. What is the units digit of l(-8)?
2
Let k(m) = 14*m**3 - 3*m**2 + m - 4. Let n(u) = -u + 8. Let x be n(5). What is the units digit of k(x)?
0
Suppose -540*x + 694945 + 4622975 = 0. What is the units digit of x?
8
Let g be (-3 + 1)*126/(-36). Suppose -g = x + 2*n - 7*n, -5*x + 31 = -3*n. What is the units digit of 238/x + (-12)/(-48)?
0
Let q(x) = 3015*x**2 - 31*x - 100. What is the tens digit of q(-3)?
2
Let a = 14262 + -28446. What is the hundreds digit of (a/45)/(4/(-10))?
7
Suppose 0 = 15800*u - 15798*u - 13086. What is the thousands digit of u?
6
Let x(l) = -6 + 4*l + l - 23 - 12*l. Let q be x(-9). What is the tens digit of (-2)/4 - (-2737)/q?
8
Let q(s) = 360*s + 7198. What is the hundreds digit of q(46)?
7
Let z(l) = -2*l**2 - 13*l - 1. Suppose -4*c = 0, -42 = w + 2*w - 4*c. Let j be z(w). Let a = -86 - j. What is the tens digit of a?
2
Let l = 205 + -215. Let m(g) = -g**3 + 2*g**2 + 25*g - 44. What is the units digit of m(l)?
6
Let m(n) be the second derivative of 7*n**4/12 - 4*n**3/3 - 2*n**2 + 127*n. What is the hundreds digit of m(-5)?
2
Let r(d) = -d**3 - 25*d**2 - 119*d - 42. Let s be r(-28). Let u = -3937 + s. What is the thousands digit of u?
1
Let r(f) = f**3 - 44*f**2 + f - 832. What is the thousands digit of r(49)?
1
Suppose 4*u + 2*p = 2, 0 = -2*u - 5*p + 3 + 2. Suppose 8*l + 8 = -u. What is the units digit of -5*(-2 - -34)/l?
0
Let v = 46184 + -26832. What is the thousands digit of v?
9
Let p be (0/(-2))/((-11)/(-11) + -2). Suppose 12*d + 297 - 6681 = p. What is the hundreds digit of d?
5
Let w(v) = -2898*v + 263. What is the thousands digit of w(-3)?
8
What is the units digit of ((-7 - -32) + -1)/((-3)/(-1726))?
8
Suppose -5*l - t + 1364 = 0, 518 = 435*l - 433*l + 5*t. What is the units digit of l?
4
Suppose -4*m - 2*i - 3*i = -37, 0 = -4*m - 2*i + 22. Suppose m*v = 7*v. Suppose 3*x + 3*d - 192 = v, 2*x - 133 = 3*d - 4*d. What is the tens digit of x?
6
Let x = -650 + 653. Let n = 4 + -2. Suppose -46 = n*w - x*w. What is the units digit of w?
6
Let w(u) = 4*u**2 - u + 1. Let m be w(-1). Let z(s) = -s**2 + 5*s + 12. Let q be z(m). Suppose -1508 + 296 = -q*c. What is the tens digit of c?
0
Let w = 8086 - -9388. What is the tens digit of w?
7
Let v be 18*61/2 + -6. Suppose -3*i + v = -135. What is the tens digit of i?
2
Let g be (0 + 2)/(-6)*(-630)/(-35). Let t(h) = 20*h**2 - 2*h + 7. What is the hundreds digit of t(g)?
7
What is the hundreds digit of ((-56)/32)/((2563924/116544)/11 - 2)?
9
Let g(d) be the second derivative of -5*d**2 + d + 0 + 4/3*d**3 + 1/12*d**4. What is the units digit of g(3)?
3
Suppose 0 = -4*y - 5*l + 1093, 3*y + 2*y - 1391 = 2*l. Let o = y - 90. What is the tens digit of o?
8
Suppose 0 = -34*i + 260007 + 41493 + 128158. What is the units digit of i?
7
Let o(t) = -t**3 - 20*t**2 + 40*t + 2. What is the tens digit of o(-23)?
6
Let w(a) = 172*a - 29 - 18 - 25 + 23. What is the units digit of w(6)?
3
Suppose -1 = -w + 1. Suppose 3*s + 2*b + 1 = -w*b, 5*b = -4*s. Suppose 0 = 5*f + s*v - 305, 3*f + 4*v - 183 = -2. What is the tens digit of f?
6
Suppose -7*a - 4*c = -11*a - 60, 0 = 4*a - 3*c + 59. What is the hundreds digit of ((-2)/4*3)/(a/2828)?
3
What is the hundreds digit of (-16)/44 + 70539/231?
3
Let q = 80 - 37. Let z = -17 + q. Let f = 36 + z. What is the tens digit of f?
6
Let y = -122 - -110. Let r be (244/y)/((-3)/18). Let c = r + -45. What is the units digit of c?
7
Let s(w) = -10*w - 179 + 112 - 81. What is the units digit of s(-30)?
2
Suppose -18*j = -j + 95965. What is the tens digit of (-2)/7 + (j/(-35) - 4)?
5
Suppose 4*w + 30 - 10 = 0, w + 36653 = 2*n. What is the units digit of n?
4
Suppose 0 = -243*j + 29*j + 1313532. What is the thousands digit of j?
6
Suppose 1208*d = 1203*d + 63295. What is the thousands digit of d?
2
Let z = 6 + -11. Let a(q) = -q**2 - 11*q + 11. Let u(s) = -2*s**2 - 22*s + 22. Let g(d) = z*a(d) + 3*u(d). What is the units digit of g(-11)?
1
Let z(y) = -7*y**3 - 8*y**2 + 37*y - 1. What is the thousands digit of z(-13)?
3
Let m(a) = -3*a**3 - a. Let y be m(-1). Suppose -18 - 430 = -y*i - 5*c, 2*i + c - 224 = 0. What is the tens digit of (70 - 0)*(-8)/(i/(-21))?
0
Let a be ((-26)/52)/((-1)/10). Suppose -m + 5*m + 114 = g, -5*g - a*m = -470. What is the tens digit of g?
9
Suppose -3*s = -43 + 25. Suppose -16 - 8 = -s*a. Suppose 4*r + 21 = -5*p + 73, 2*p - a*r - 4 = 0. What is the units digit of p?
8
Let i = 122 + -124. What is the units digit of i/((-12)/(-54)) + 539?
0
Suppose -4*o + 0*o = -3956. Suppose o = 4*n + 5*r - 578, 5*n = -2*r + 1963. What is the hundreds digit of n?
3
Suppose -s - 1236 = -3*z, -z - 2060 = -6*z - s. Let w = z - 212. What is the tens digit of w?
0
Let r be (1/3)/(-1)*(15 - 36). Suppose -2 = 8*f - r*f. What is the tens digit of -5 + 3 + ((-4)/f - -76)?
7
